Edit D:\rfid\apache-tomcat-8.5.32\logs\localhost_access_log.2021-06-01.txt
127.0.0.1 - - [01/Jun/2021:09:01:47 +0800] "POST /libsystem/par/operator/login.do HTTP/1.1" 200 237
127.0.0.1 - - [01/Jun/2021:09:01:47 +0800] "POST /libsystem/lib/common/getOperatorInfo.do HTTP/1.1" 200 110
127.0.0.1 - - [01/Jun/2021:09:01:47 +0800] "POST /libsystem/cir/circulation/srchReaderForSipii.do HTTP/1.1" 200 440
127.0.0.1 - - [01/Jun/2021:09:01:47 +0800] "POST /libsystem/par/operator/login.do HTTP/1.1" 200 237
127.0.0.1 - - [01/Jun/2021:09:01:48 +0800] "POST /libsystem/lib/common/getOperatorInfo.do HTTP/1.1" 200 110
127.0.0.1 - - [01/Jun/2021:09:01:48 +0800] "POST /libsystem/hld/holding/getHoldingWithBib.do HTTP/1.1" 200 620
127.0.0.1 - - [01/Jun/2021:09:01:52 +0800] "POST /libsystem/par/operator/login.do HTTP/1.1" 200 237
127.0.0.1 - - [01/Jun/2021:09:01:52 +0800] "POST /libsystem/lib/common/getOperatorInfo.do HTTP/1.1" 200 110
127.0.0.1 - - [01/Jun/2021:09:01:52 +0800] "POST /libsystem/cir/circulation/loan.do HTTP/1.1" 200 679
127.0.0.1 - - [01/Jun/2021:09:01:53 +0800] "POST /libsystem/par/operator/login.do HTTP/1.1" 200 237
127.0.0.1 - - [01/Jun/2021:09:01:53 +0800] "POST /libsystem/lib/common/getOperatorInfo.do HTTP/1.1" 200 110
127.0.0.1 - - [01/Jun/2021:09:01:53 +0800] "POST /libsystem/cir/circulation/srchReaderForSipii.do HTTP/1.1" 200 477
127.0.0.1 - - [01/Jun/2021:09:02:25 +0800] "POST /libsystem/par/operator/login.do HTTP/1.1" 200 237
127.0.0.1 - - [01/Jun/2021:09:02:25 +0800] "POST /libsystem/lib/common/getOperatorInfo.do HTTP/1.1" 200 110
127.0.0.1 - - [01/Jun/2021:09:02:25 +0800] "POST /libsystem/hld/holding/getHoldingWithBib.do HTTP/1.1" 200 637
127.0.0.1 - - [01/Jun/2021:09:02:32 +0800] "POST /libsystem/par/operator/login.do HTTP/1.1" 200 237
127.0.0.1 - - [01/Jun/2021:09:02:32 +0800] "POST /libsystem/lib/common/getOperatorInfo.do HTTP/1.1" 200 110
127.0.0.1 - - [01/Jun/2021:09:02:33 +0800] "POST /libsystem/cir/circulation/return.do HTTP/1.1" 200 680
192.168.24.133 - - [01/Jun/2021:14:51:05 +0800] "GET /libsystem/page/main.jsp HTTP/1.1" 302 -
192.168.24.133 - - [01/Jun/2021:14:51:05 +0800] "GET /libsystem/page/login.jsp HTTP/1.1" 200 3729
192.168.24.133 - - [01/Jun/2021:14:51:06 +0800] "GET /libsystem/images/login_title_logo.gif?version=0.1664527529595491 HTTP/1.1" 200 1185
192.168.24.133 - - [01/Jun/2021:14:51:06 +0800] "GET /libsystem/images/login-logo_03.gif?version=0.977330446541191 HTTP/1.1" 200 4266
192.168.24.133 - - [01/Jun/2021:14:51:06 +0800] "GET /libsystem/images/bg_03.gif?version=0.7460777766938188 HTTP/1.1" 200 855919
192.168.24.133 - - [01/Jun/2021:14:51:06 +0800] "GET /libsystem/images/login_bg02.gif?version=0.2921056340733682 HTTP/1.1" 200 402302
192.168.24.133 - - [01/Jun/2021:14:51:07 +0800] "POST /libsystem//lib/common/getLibType.do?request_type=2 HTTP/1.1" 200 120
192.168.24.133 - - [01/Jun/2021:14:51:15 +0800] "POST /libsystem/par/operator/login.do HTTP/1.1" 200 237
192.168.24.133 - - [01/Jun/2021:14:51:15 +0800] "POST /libsystem/par/operator/getMenu.do HTTP/1.1" 200 3602
192.168.24.133 - - [01/Jun/2021:14:51:15 +0800] "POST /libsystem/lib/pageconfig/get.do HTTP/1.1" 200 214
192.168.24.133 - - [01/Jun/2021:14:51:15 +0800] "GET /libsystem/page/main.jsp HTTP/1.1" 200 2571
192.168.24.133 - - [01/Jun/2021:14:51:15 +0800] "GET /libsystem/images/main_04.gif?version=0.3493201892181187 HTTP/1.1" 200 850804
192.168.24.133 - - [01/Jun/2021:14:51:15 +0800] "POST /libsystem/lib/pageconfig/get.do HTTP/1.1" 200 214
192.168.24.133 - - [01/Jun/2021:14:51:15 +0800] "POST /libsystem/par/common/getInitDatas.do HTTP/1.1" 200 615
192.168.24.133 - - [01/Jun/2021:14:51:15 +0800] "POST /libsystem/lib/common/getLibName.do HTTP/1.1" 200 126
192.168.24.133 - - [01/Jun/2021:14:51:15 +0800] "POST /libsystem//lib/common/getLibType.do?request_type=2 HTTP/1.1" 200 120
192.168.24.133 - - [01/Jun/2021:14:57:03 +0800] "GET /libsystem/page/index.jsp?menuIndex=3 HTTP/1.1" 200 3102
192.168.24.133 - - [01/Jun/2021:14:57:03 +0800] "POST /libsystem/par/common/getInitData.do HTTP/1.1" 200 183
192.168.24.133 - - [01/Jun/2021:14:57:03 +0800] "POST /libsystem/par/common/getInitDatas.do HTTP/1.1" 200 615
192.168.24.133 - - [01/Jun/2021:14:57:03 +0800] "POST /libsystem/lib/common/getLibName.do HTTP/1.1" 200 126
192.168.24.133 - - [01/Jun/2021:14:57:03 +0800] "POST /libsystem/lib/pageconfig/get.do HTTP/1.1" 200 112
192.168.24.133 - - [01/Jun/2021:14:57:45 +0800] "GET /libsystem/page/circulation/bib_loan_check.jsp?type=0 HTTP/1.1" 200 1879
192.168.24.133 - - [01/Jun/2021:14:57:45 +0800] "GET /libsystem/page/circulation/js/bib_loan_check.js?version=1.3.190827 HTTP/1.1" 200 1092
192.168.24.133 - - [01/Jun/2021:14:57:45 +0800] "POST /libsystem/par/common/getInitDatas.do HTTP/1.1" 200 615
192.168.24.133 - - [01/Jun/2021:14:57:45 +0800] "POST /libsystem/par/common/getInitData.do HTTP/1.1" 200 303
192.168.24.133 - - [01/Jun/2021:14:57:45 +0800] "POST /libsystem/par/common/getInitDatas.do HTTP/1.1" 200 410
192.168.24.133 - - [01/Jun/2021:14:58:11 +0800] "GET /libsystem/page/index.jsp?menuIndex=2 HTTP/1.1" 200 3102
192.168.24.133 - - [01/Jun/2021:14:58:11 +0800] "POST /libsystem/par/common/getInitDatas.do HTTP/1.1" 200 615
192.168.24.133 - - [01/Jun/2021:14:58:11 +0800] "POST /libsystem/par/common/getInitData.do HTTP/1.1" 200 183
192.168.24.133 - - [01/Jun/2021:14:58:11 +0800] "POST /libsystem/lib/common/getLibName.do HTTP/1.1" 200 126
192.168.24.133 - - [01/Jun/2021:14:58:11 +0800] "POST /libsystem/lib/pageconfig/get.do HTTP/1.1" 200 112
192.168.24.133 - - [01/Jun/2021:15:01:13 +0800] "GET /libsystem/page/index.jsp?menuIndex=3 HTTP/1.1" 200 3102
192.168.24.133 - - [01/Jun/2021:15:01:13 +0800] "POST /libsystem/par/common/getInitDatas.do HTTP/1.1" 200 615
192.168.24.133 - - [01/Jun/2021:15:01:13 +0800] "POST /libsystem/par/common/getInitData.do HTTP/1.1" 200 183
192.168.24.133 - - [01/Jun/2021:15:01:13 +0800] "POST /libsystem/lib/common/getLibName.do HTTP/1.1" 200 126
192.168.24.133 - - [01/Jun/2021:15:01:13 +0800] "POST /libsystem/lib/pageconfig/get.do HTTP/1.1" 200 112
192.168.24.133 - - [01/Jun/2021:15:01:34 +0800] "GET /opac HTTP/1.1" 302 -
192.168.24.133 - - [01/Jun/2021:15:01:34 +0800] "GET /opac/ HTTP/1.1" 200 1983
192.168.10.81 - - [01/Jun/2021:15:01:38 +0800] "GET /solr/core1/suggest?qt=%2Fsuggest&q=h&wt=javabin&version=2 HTTP/1.1" 200 41
192.168.24.133 - - [01/Jun/2021:15:01:38 +0800] "GET /opac/par/common/QuerySuggest.do?query=h HTTP/1.1" 302 -
192.168.24.133 - - [01/Jun/2021:15:01:38 +0800] "GET /opac/page/error/error500.jsp?message= HTTP/1.1" 200 1105
192.168.10.81 - - [01/Jun/2021:15:01:38 +0800] "GET /solr/core1/suggest?qt=%2Fsuggest&q=honh&wt=javabin&version=2 HTTP/1.1" 200 81
192.168.10.81 - - [01/Jun/2021:15:01:38 +0800] "GET /solr/core1/suggest?qt=%2Fsuggest&q=ho&wt=javabin&version=2 HTTP/1.1" 200 81
192.168.10.81 - - [01/Jun/2021:15:01:38 +0800] "GET /solr/core1/suggest?qt=%2Fsuggest&q=hon&wt=javabin&version=2 HTTP/1.1" 200 81
192.168.24.133 - - [01/Jun/2021:15:01:38 +0800] "GET /opac/par/common/QuerySuggest.do?query=ho HTTP/1.1" 302 -
192.168.24.133 - - [01/Jun/2021:15:01:38 +0800] "GET /opac/par/common/QuerySuggest.do?query=honh HTTP/1.1" 302 -
192.168.24.133 - - [01/Jun/2021:15:01:38 +0800] "GET /opac/par/common/QuerySuggest.do?query=hon HTTP/1.1" 302 -
192.168.10.81 - - [01/Jun/2021:15:01:38 +0800] "GET /solr/core1/suggest?qt=%2Fsuggest&q=hon&wt=javabin&version=2 HTTP/1.1" 200 80
192.168.24.133 - - [01/Jun/2021:15:01:38 +0800] "GET /opac/par/common/QuerySuggest.do?query=hon HTTP/1.1" 302 -
192.168.24.133 - - [01/Jun/2021:15:01:38 +0800] "GET /opac/page/error/error500.jsp?message= HTTP/1.1" 200 1105
192.168.24.133 - - [01/Jun/2021:15:01:38 +0800] "GET /opac/page/error/error500.jsp?message= HTTP/1.1" 200 1105
192.168.10.81 - - [01/Jun/2021:15:01:38 +0800] "GET /solr/core1/suggest?qt=%2Fsuggest&q=ho&wt=javabin&version=2 HTTP/1.1" 200 84
192.168.24.133 - - [01/Jun/2021:15:01:38 +0800] "GET /opac/page/error/error500.jsp?message= HTTP/1.1" 200 1105
192.168.24.133 - - [01/Jun/2021:15:01:38 +0800] "GET /opac/par/common/QuerySuggest.do?query=ho HTTP/1.1" 302 -
192.168.24.133 - - [01/Jun/2021:15:01:38 +0800] "GET /opac/page/error/error500.jsp?message= HTTP/1.1" 200 1105
192.168.24.133 - - [01/Jun/2021:15:01:38 +0800] "GET /opac/page/error/error500.jsp?message= HTTP/1.1" 200 1105
192.168.10.81 - - [01/Jun/2021:15:01:38 +0800] "GET /solr/core1/suggest?qt=%2Fsuggest&q=h&wt=javabin&version=2 HTTP/1.1" 200 44
192.168.24.133 - - [01/Jun/2021:15:01:38 +0800] "GET /opac/par/common/QuerySuggest.do?query=h HTTP/1.1" 302 -
192.168.24.133 - - [01/Jun/2021:15:01:38 +0800] "GET /opac/page/error/error500.jsp?message= HTTP/1.1" 200 1105
192.168.10.81 - - [01/Jun/2021:15:01:40 +0800] "GET /solr/core1/suggest?qt=%2Fsuggest&q=d&wt=javabin&version=2 HTTP/1.1" 200 44
192.168.24.133 - - [01/Jun/2021:15:01:40 +0800] "GET /opac/par/common/QuerySuggest.do?query=d HTTP/1.1" 302 -
192.168.24.133 - - [01/Jun/2021:15:01:40 +0800] "GET /opac/page/error/error500.jsp?message= HTTP/1.1" 200 1105
192.168.10.81 - - [01/Jun/2021:15:01:42 +0800] "GET /solr/core1/suggest?qt=%2Fsuggest&q=v&wt=javabin&version=2 HTTP/1.1" 200 44
192.168.24.133 - - [01/Jun/2021:15:01:42 +0800] "GET /opac/par/common/QuerySuggest.do?query=v HTTP/1.1" 302 -
192.168.24.133 - - [01/Jun/2021:15:01:42 +0800] "GET /opac/page/error/error500.jsp?message= HTTP/1.1" 200 1105
192.168.10.81 - - [01/Jun/2021:15:01:44 +0800] "GET /solr/core1/suggest?qt=%2Fsuggest&q=s&wt=javabin&version=2 HTTP/1.1" 200 44
192.168.24.133 - - [01/Jun/2021:15:01:44 +0800] "GET /opac/par/common/QuerySuggest.do?query=s HTTP/1.1" 302 -
192.168.24.133 - - [01/Jun/2021:15:01:44 +0800] "GET /opac/page/error/error500.jsp?message= HTTP/1.1" 200 1105
192.168.10.81 - - [01/Jun/2021:15:01:52 +0800] "GET /solr/core1/suggest?qt=%2Fsuggest&q=h&wt=javabin&version=2 HTTP/1.1" 200 44
192.168.24.133 - - [01/Jun/2021:15:01:52 +0800] "GET /opac/par/common/QuerySuggest.do?query=h HTTP/1.1" 302 -
192.168.24.133 - - [01/Jun/2021:15:01:52 +0800] "GET /opac/page/error/error500.jsp?message= HTTP/1.1" 200 1105
192.168.10.81 - - [01/Jun/2021:15:01:52 +0800] "GET /solr/core1/suggest?qt=%2Fsuggest&q=ho&wt=javabin&version=2 HTTP/1.1" 200 80
192.168.24.133 - - [01/Jun/2021:15:01:52 +0800] "GET /opac/par/common/QuerySuggest.do?query=ho HTTP/1.1" 302 -
192.168.24.133 - - [01/Jun/2021:15:01:52 +0800] "GET /opac/page/error/error500.jsp?message= HTTP/1.1" 200 1105
192.168.10.81 - - [01/Jun/2021:15:01:53 +0800] "GET /solr/core1/suggest?qt=%2Fsuggest&q=hog&wt=javabin&version=2 HTTP/1.1" 200 84
192.168.24.133 - - [01/Jun/2021:15:01:53 +0800] "GET /opac/par/common/QuerySuggest.do?query=hog HTTP/1.1" 302 -
192.168.24.133 - - [01/Jun/2021:15:01:53 +0800] "GET /opac/page/error/error500.jsp?message= HTTP/1.1" 200 1105
192.168.10.81 - - [01/Jun/2021:15:01:53 +0800] "GET /solr/core1/suggest?qt=%2Fsuggest&q=ho&wt=javabin&version=2 HTTP/1.1" 200 84
192.168.24.133 - - [01/Jun/2021:15:01:53 +0800] "GET /opac/par/common/QuerySuggest.do?query=ho HTTP/1.1" 302 -
192.168.24.133 - - [01/Jun/2021:15:01:53 +0800] "GET /opac/page/error/error500.jsp?message= HTTP/1.1" 200 1105
192.168.10.81 - - [01/Jun/2021:15:01:54 +0800] "GET /solr/core1/suggest?qt=%2Fsuggest&q=h&wt=javabin&version=2 HTTP/1.1" 200 44
192.168.24.133 - - [01/Jun/2021:15:01:54 +0800] "GET /opac/par/common/QuerySuggest.do?query=h HTTP/1.1" 302 -
192.168.24.133 - - [01/Jun/2021:15:01:54 +0800] "GET /opac/page/error/error500.jsp?message= HTTP/1.1" 200 1105
192.168.10.81 - - [01/Jun/2021:15:02:00 +0800] "GET /solr/core1/suggest?qt=%2Fsuggest&q=b&wt=javabin&version=2 HTTP/1.1" 200 44
192.168.24.133 - - [01/Jun/2021:15:02:00 +0800] "GET /opac/par/common/QuerySuggest.do?query=b HTTP/1.1" 302 -
192.168.24.133 - - [01/Jun/2021:15:02:00 +0800] "GET /opac/page/error/error500.jsp?message= HTTP/1.1" 200 1105
192.168.10.81 - - [01/Jun/2021:15:02:00 +0800] "GET /solr/core1/suggest?qt=%2Fsuggest&q=ba&wt=javabin&version=2 HTTP/1.1" 200 84
192.168.24.133 - - [01/Jun/2021:15:02:00 +0800] "GET /opac/par/common/QuerySuggest.do?query=ba HTTP/1.1" 302 -
192.168.24.133 - - [01/Jun/2021:15:02:00 +0800] "GET /opac/page/error/error500.jsp?message= HTTP/1.1" 200 1105
192.168.10.81 - - [01/Jun/2021:15:02:00 +0800] "GET /solr/core1/suggest?qt=%2Fsuggest&q=bai&wt=javabin&version=2 HTTP/1.1" 200 84
192.168.24.133 - - [01/Jun/2021:15:02:00 +0800] "GET /opac/par/common/QuerySuggest.do?query=bai HTTP/1.1" 302 -
192.168.24.133 - - [01/Jun/2021:15:02:00 +0800] "GET /opac/page/error/error500.jsp?message= HTTP/1.1" 200 1105
192.168.10.81 - - [01/Jun/2021:15:02:01 +0800] "GET /solr/core1/suggest?qt=%2Fsuggest&q=baiz&wt=javabin&version=2 HTTP/1.1" 200 84
192.168.24.133 - - [01/Jun/2021:15:02:01 +0800] "GET /opac/par/common/QuerySuggest.do?query=baiz HTTP/1.1" 302 -
192.168.24.133 - - [01/Jun/2021:15:02:01 +0800] "GET /opac/page/error/error500.jsp?message= HTTP/1.1" 200 1105
192.168.10.81 - - [01/Jun/2021:15:02:01 +0800] "GET /solr/core1/suggest?qt=%2Fsuggest&q=baizh&wt=javabin&version=2 HTTP/1.1" 200 84
192.168.24.133 - - [01/Jun/2021:15:02:01 +0800] "GET /opac/par/common/QuerySuggest.do?query=baizh HTTP/1.1" 302 -
192.168.24.133 - - [01/Jun/2021:15:02:01 +0800] "GET /opac/page/error/error500.jsp?message= HTTP/1.1" 200 1105
192.168.10.81 - - [01/Jun/2021:15:02:01 +0800] "GET /solr/core1/suggest?qt=%2Fsuggest&q=baizha&wt=javabin&version=2 HTTP/1.1" 200 84
192.168.24.133 - - [01/Jun/2021:15:02:01 +0800] "GET /opac/par/common/QuerySuggest.do?query=baizha HTTP/1.1" 302 -
192.168.24.133 - - [01/Jun/2021:15:02:01 +0800] "GET /opac/page/error/error500.jsp?message= HTTP/1.1" 200 1105
192.168.10.81 - - [01/Jun/2021:15:02:01 +0800] "GET /solr/core1/suggest?qt=%2Fsuggest&q=baizhal&wt=javabin&version=2 HTTP/1.1" 200 84
192.168.24.133 - - [01/Jun/2021:15:02:01 +0800] "GET /opac/par/common/QuerySuggest.do?query=baizhal HTTP/1.1" 302 -
192.168.24.133 - - [01/Jun/2021:15:02:01 +0800] "GET /opac/page/error/error500.jsp?message= HTTP/1.1" 200 1105
192.168.10.81 - - [01/Jun/2021:15:02:01 +0800] "GET /solr/core1/suggest?qt=%2Fsuggest&q=baizhala&wt=javabin&version=2 HTTP/1.1" 200 84
192.168.24.133 - - [01/Jun/2021:15:02:01 +0800] "GET /opac/par/common/QuerySuggest.do?query=baizhala HTTP/1.1" 302 -
192.168.24.133 - - [01/Jun/2021:15:02:01 +0800] "GET /opac/page/error/error500.jsp?message= HTTP/1.1" 200 1105
192.168.10.81 - - [01/Jun/2021:15:02:02 +0800] "GET /solr/core1/suggest?qt=%2Fsuggest&q=baizhalan&wt=javabin&version=2 HTTP/1.1" 200 84
192.168.24.133 - - [01/Jun/2021:15:02:02 +0800] "GET /opac/par/common/QuerySuggest.do?query=baizhalan HTTP/1.1" 302 -
192.168.24.133 - - [01/Jun/2021:15:02:02 +0800] "GET /opac/page/error/error500.jsp?message= HTTP/1.1" 200 1105
192.168.10.81 - - [01/Jun/2021:15:02:03 +0800] "GET /solr/core1/suggest?qt=%2Fsuggest&q=%E7%99%BD%E6%A0%85%E6%A0%8F&wt=javabin&version=2 HTTP/1.1" 200 81
192.168.24.133 - - [01/Jun/2021:15:02:03 +0800] "GET /opac/par/common/QuerySuggest.do?query=%E7%99%BD%E6%A0%85%E6%A0%8F HTTP/1.1" 302 -
192.168.24.133 - - [01/Jun/2021:15:02:03 +0800] "GET /opac/page/error/error500.jsp?message= HTTP/1.1" 200 1105
192.168.10.81 - - [01/Jun/2021:15:02:05 +0800] "GET /solr/core1/select?q=keyword%3A%22%E7%99%BD%E6%A0%85%E6%A0%8F%22&fl=id%2Clibcode%2Csysid%2Ctitle%2Cauthor%2Cpublish%2Cpublishaddress%2Cpublishdate%2Cprice%2Ccallno%2C+classno%2Cisbn%2Csubject%2Clanguage%2Cpage%2Ccontent%2Cseriesname%2Corderno%2Cunifiedno%2Cbibsources%2Cscore&sort=score+desc&start=0&rows=10&wt=javabin&facet=true&facet.field=libcode&facet.field=sysid&facet.field=author&facet.field=publish&facet.field=year&facet.field=classnosub&facet.field=subject&hl=true&hl.fl=title&hl.simple.pre=%3Cspan+style%3D%27color%3A%23c00%27%3E&hl.simple.post=%3C%2Fspan%3E&version=2 HTTP/1.1" 200 10183
192.168.24.133 - - [01/Jun/2021:15:02:06 +0800] "POST /opac/booklist.jsp HTTP/1.1" 200 4423
192.168.24.133 - - [01/Jun/2021:15:02:06 +0800] "GET /opac/js/search.js HTTP/1.1" 200 1661
192.168.24.133 - - [01/Jun/2021:15:02:06 +0800] "GET /opac/js/tagbox.js HTTP/1.1" 200 1448
192.168.24.133 - - [01/Jun/2021:15:02:06 +0800] "POST /opac/par/common/getHotSearckKey.do HTTP/1.1" 200 148
192.168.24.133 - - [01/Jun/2021:15:02:06 +0800] "POST /opac/par/common/writeSearchLog.do HTTP/1.1" 302 -
192.168.24.133 - - [01/Jun/2021:15:02:06 +0800] "GET /opac/page/error/error500.jsp?message= HTTP/1.1" 200 1105
192.168.24.133 - - [01/Jun/2021:15:02:06 +0800] "POST /opac/par/common/getDoubanBook.do HTTP/1.1" 302 -
192.168.24.133 - - [01/Jun/2021:15:02:06 +0800] "POST /opac/par/common/getDoubanBook.do HTTP/1.1" 302 -
192.168.24.133 - - [01/Jun/2021:15:02:06 +0800] "GET /opac/page/error/error500.jsp?message= HTTP/1.1" 200 1105
192.168.24.133 - - [01/Jun/2021:15:02:06 +0800] "GET /opac/page/error/error500.jsp?message= HTTP/1.1" 200 1105
192.168.10.81 - - [01/Jun/2021:15:02:11 +0800] "GET /solr/core1/select?q=id%3A7696&start=0&rows=1&wt=javabin&version=2 HTTP/1.1" 200 571
192.168.24.133 - - [01/Jun/2021:15:02:11 +0800] "GET /opac/bookdetail.jsp?id=7696 HTTP/1.1" 200 5487
192.168.24.133 - - [01/Jun/2021:15:02:11 +0800] "GET /opac/css/bookreview.css HTTP/1.1" 200 934
192.168.24.133 - - [01/Jun/2021:15:02:11 +0800] "GET /opac/images/close.png HTTP/1.1" 200 164
192.168.24.133 - - [01/Jun/2021:15:02:11 +0800] "GET /opac/third-party/js/jquery.qrcode.min.js HTTP/1.1" 200 4830
192.168.24.133 - - [01/Jun/2021:15:02:11 +0800] "GET /opac/js/DatePicker/WdatePicker.js HTTP/1.1" 200 4540
192.168.24.133 - - [01/Jun/2021:15:02:12 +0800] "GET /opac/js/DatePicker/skin/WdatePicker.css HTTP/1.1" 200 192
192.168.24.133 - - [01/Jun/2021:15:02:12 +0800] "POST /opac/par/common/getOpacConfig.do HTTP/1.1" 200 260
192.168.24.133 - - [01/Jun/2021:15:02:12 +0800] "POST /opac/reader/bookreview/listUnionReader.do HTTP/1.1" 200 104
192.168.24.133 - - [01/Jun/2021:15:02:12 +0800] "POST /opac/par/common/getDoubanBook.do HTTP/1.1" 302 -
192.168.24.133 - - [01/Jun/2021:15:02:12 +0800] "GET /opac/page/error/error500.jsp?message= HTTP/1.1" 200 1105
192.168.24.133 - - [01/Jun/2021:15:02:12 +0800] "POST /opac/par/common/writeSearchDetailLog.do HTTP/1.1" 302 -
192.168.24.133 - - [01/Jun/2021:15:02:12 +0800] "GET /opac/page/error/error500.jsp?message= HTTP/1.1" 200 1105
192.168.24.133 - - [01/Jun/2021:15:03:07 +0800] "GET /opac HTTP/1.1" 302 -
192.168.24.133 - - [01/Jun/2021:15:03:07 +0800] "GET /opac/ HTTP/1.1" 200 1983
192.168.24.133 - - [01/Jun/2021:15:03:38 +0800] "GET /opac/ HTTP/1.1" 200 1983
192.168.24.133 - - [01/Jun/2021:15:03:45 +0800] "GET /opac/ HTTP/1.1" 200 1983
192.168.10.81 - - [01/Jun/2021:15:03:52 +0800] "GET /solr/core1/suggest?qt=%2Fsuggest&q=b&wt=javabin&version=2 HTTP/1.1" 200 44
192.168.24.133 - - [01/Jun/2021:15:03:52 +0800] "GET /opac/par/common/QuerySuggest.do?query=b HTTP/1.1" 302 -
192.168.24.133 - - [01/Jun/2021:15:03:52 +0800] "GET /opac/page/error/error500.jsp?message= HTTP/1.1" 200 1105
192.168.10.81 - - [01/Jun/2021:15:03:52 +0800] "GET /solr/core1/suggest?qt=%2Fsuggest&q=ba&wt=javabin&version=2 HTTP/1.1" 200 84
192.168.24.133 - - [01/Jun/2021:15:03:52 +0800] "GET /opac/par/common/QuerySuggest.do?query=ba HTTP/1.1" 302 -
192.168.24.133 - - [01/Jun/2021:15:03:52 +0800] "GET /opac/page/error/error500.jsp?message= HTTP/1.1" 200 1105
192.168.10.81 - - [01/Jun/2021:15:03:52 +0800] "GET /solr/core1/suggest?qt=%2Fsuggest&q=bai&wt=javabin&version=2 HTTP/1.1" 200 80
192.168.24.133 - - [01/Jun/2021:15:03:52 +0800] "GET /opac/par/common/QuerySuggest.do?query=bai HTTP/1.1" 302 -
192.168.24.133 - - [01/Jun/2021:15:03:52 +0800] "GET /opac/page/error/error500.jsp?message= HTTP/1.1" 200 1105
192.168.10.81 - - [01/Jun/2021:15:03:52 +0800] "GET /solr/core1/suggest?qt=%2Fsuggest&q=baiz&wt=javabin&version=2 HTTP/1.1" 200 84
192.168.24.133 - - [01/Jun/2021:15:03:52 +0800] "GET /opac/par/common/QuerySuggest.do?query=baiz HTTP/1.1" 302 -
192.168.24.133 - - [01/Jun/2021:15:03:52 +0800] "GET /opac/page/error/error500.jsp?message= HTTP/1.1" 200 1105
192.168.10.81 - - [01/Jun/2021:15:03:52 +0800] "GET /solr/core1/suggest?qt=%2Fsuggest&q=baizh&wt=javabin&version=2 HTTP/1.1" 200 84
192.168.24.133 - - [01/Jun/2021:15:03:52 +0800] "GET /opac/par/common/QuerySuggest.do?query=baizh HTTP/1.1" 302 -
192.168.24.133 - - [01/Jun/2021:15:03:52 +0800] "GET /opac/page/error/error500.jsp?message= HTTP/1.1" 200 1105
192.168.10.81 - - [01/Jun/2021:15:03:52 +0800] "GET /solr/core1/suggest?qt=%2Fsuggest&q=baizha&wt=javabin&version=2 HTTP/1.1" 200 80
192.168.24.133 - - [01/Jun/2021:15:03:52 +0800] "GET /opac/par/common/QuerySuggest.do?query=baizha HTTP/1.1" 302 -
192.168.24.133 - - [01/Jun/2021:15:03:52 +0800] "GET /opac/page/error/error500.jsp?message= HTTP/1.1" 200 1105
192.168.10.81 - - [01/Jun/2021:15:03:53 +0800] "GET /solr/core1/suggest?qt=%2Fsuggest&q=baizhal&wt=javabin&version=2 HTTP/1.1" 200 84
192.168.24.133 - - [01/Jun/2021:15:03:53 +0800] "GET /opac/par/common/QuerySuggest.do?query=baizhal HTTP/1.1" 302 -
192.168.24.133 - - [01/Jun/2021:15:03:53 +0800] "GET /opac/page/error/error500.jsp?message= HTTP/1.1" 200 1105
192.168.10.81 - - [01/Jun/2021:15:03:53 +0800] "GET /solr/core1/suggest?qt=%2Fsuggest&q=baizhala&wt=javabin&version=2 HTTP/1.1" 200 84
192.168.24.133 - - [01/Jun/2021:15:03:53 +0800] "GET /opac/par/common/QuerySuggest.do?query=baizhala HTTP/1.1" 302 -
192.168.24.133 - - [01/Jun/2021:15:03:53 +0800] "GET /opac/page/error/error500.jsp?message= HTTP/1.1" 200 1105
192.168.10.81 - - [01/Jun/2021:15:03:53 +0800] "GET /solr/core1/suggest?qt=%2Fsuggest&q=baizhalan&wt=javabin&version=2 HTTP/1.1" 200 84
192.168.24.133 - - [01/Jun/2021:15:03:53 +0800] "GET /opac/par/common/QuerySuggest.do?query=baizhalan HTTP/1.1" 302 -
192.168.24.133 - - [01/Jun/2021:15:03:53 +0800] "GET /opac/page/error/error500.jsp?message= HTTP/1.1" 200 1105
192.168.10.81 - - [01/Jun/2021:15:03:53 +0800] "GET /solr/core1/suggest?qt=%2Fsuggest&q=%E7%99%BD%E6%A0%85%E6%A0%8F&wt=javabin&version=2 HTTP/1.1" 200 84
192.168.24.133 - - [01/Jun/2021:15:03:53 +0800] "GET /opac/par/common/QuerySuggest.do?query=%E7%99%BD%E6%A0%85%E6%A0%8F HTTP/1.1" 302 -
192.168.24.133 - - [01/Jun/2021:15:03:53 +0800] "GET /opac/page/error/error500.jsp?message= HTTP/1.1" 200 1105
192.168.10.81 - - [01/Jun/2021:15:03:54 +0800] "GET /solr/core1/select?q=keyword%3A%22%E7%99%BD%E6%A0%85%E6%A0%8F%22&fl=id%2Clibcode%2Csysid%2Ctitle%2Cauthor%2Cpublish%2Cpublishaddress%2Cpublishdate%2Cprice%2Ccallno%2C+classno%2Cisbn%2Csubject%2Clanguage%2Cpage%2Ccontent%2Cseriesname%2Corderno%2Cunifiedno%2Cbibsources%2Cscore&sort=score+desc&start=0&rows=10&wt=javabin&facet=true&facet.field=libcode&facet.field=sysid&facet.field=author&facet.field=publish&facet.field=year&facet.field=classnosub&facet.field=subject&hl=true&hl.fl=title&hl.simple.pre=%3Cspan+style%3D%27color%3A%23c00%27%3E&hl.simple.post=%3C%2Fspan%3E&version=2 HTTP/1.1" 200 10182
192.168.24.133 - - [01/Jun/2021:15:03:54 +0800] "POST /opac/booklist.jsp HTTP/1.1" 200 4420
192.168.24.133 - - [01/Jun/2021:15:03:54 +0800] "POST /opac/par/common/getHotSearckKey.do HTTP/1.1" 200 148
192.168.24.133 - - [01/Jun/2021:15:03:54 +0800] "POST /opac/par/common/getDoubanBook.do HTTP/1.1" 302 -
192.168.24.133 - - [01/Jun/2021:15:03:54 +0800] "GET /opac/page/error/error500.jsp?message= HTTP/1.1" 200 1105
192.168.24.133 - - [01/Jun/2021:15:03:54 +0800] "POST /opac/par/common/getDoubanBook.do HTTP/1.1" 302 -
192.168.24.133 - - [01/Jun/2021:15:03:54 +0800] "GET /opac/page/error/error500.jsp?message= HTTP/1.1" 200 1105
192.168.24.133 - - [01/Jun/2021:15:03:54 +0800] "POST /opac/par/common/writeSearchLog.do HTTP/1.1" 302 -
192.168.24.133 - - [01/Jun/2021:15:03:54 +0800] "GET /opac/page/error/error500.jsp?message= HTTP/1.1" 200 1105
192.168.10.81 - - [01/Jun/2021:15:03:55 +0800] "GET /solr/core1/select?q=id%3A8399&start=0&rows=1&wt=javabin&version=2 HTTP/1.1" 200 569
192.168.24.133 - - [01/Jun/2021:15:03:55 +0800] "GET /opac/bookdetail.jsp?id=8399 HTTP/1.1" 200 5490
192.168.24.133 - - [01/Jun/2021:15:03:56 +0800] "POST /opac/par/common/getOpacConfig.do HTTP/1.1" 200 260
192.168.24.133 - - [01/Jun/2021:15:03:56 +0800] "POST /opac/reader/bookreview/listUnionReader.do HTTP/1.1" 200 104
192.168.24.133 - - [01/Jun/2021:15:03:56 +0800] "POST /opac/par/common/getDoubanBook.do HTTP/1.1" 302 -
192.168.24.133 - - [01/Jun/2021:15:03:56 +0800] "GET /opac/page/error/error500.jsp?message= HTTP/1.1" 200 1105
192.168.24.133 - - [01/Jun/2021:15:03:56 +0800] "POST /opac/par/common/writeSearchDetailLog.do HTTP/1.1" 302 -
192.168.24.133 - - [01/Jun/2021:15:03:56 +0800] "GET /opac/page/error/error500.jsp?message= HTTP/1.1" 200 1105
192.168.10.81 - - [01/Jun/2021:15:04:02 +0800] "GET /solr/core1/select?q=id%3A7696&start=0&rows=1&wt=javabin&version=2 HTTP/1.1" 200 575
192.168.24.133 - - [01/Jun/2021:15:04:02 +0800] "GET /opac/bookdetail.jsp?id=7696 HTTP/1.1" 200 5487
192.168.24.133 - - [01/Jun/2021:15:04:03 +0800] "POST /opac/par/common/getOpacConfig.do HTTP/1.1" 200 260
192.168.24.133 - - [01/Jun/2021:15:04:03 +0800] "POST /opac/reader/bookreview/listUnionReader.do HTTP/1.1" 200 104
192.168.24.133 - - [01/Jun/2021:15:04:03 +0800] "POST /opac/par/common/getDoubanBook.do HTTP/1.1" 302 -
192.168.24.133 - - [01/Jun/2021:15:04:03 +0800] "GET /opac/page/error/error500.jsp?message= HTTP/1.1" 200 1105
192.168.24.133 - - [01/Jun/2021:15:04:03 +0800] "POST /opac/par/common/writeSearchDetailLog.do HTTP/1.1" 302 -
192.168.24.133 - - [01/Jun/2021:15:04:03 +0800] "GET /opac/page/error/error500.jsp?message= HTTP/1.1" 200 1105
192.168.10.81 - - [01/Jun/2021:15:04:11 +0800] "GET /solr/core1/select?q=id%3A8399&start=0&rows=1&wt=javabin&version=2 HTTP/1.1" 200 573
192.168.24.133 - - [01/Jun/2021:15:04:11 +0800] "GET /opac/bookdetail.jsp?id=8399 HTTP/1.1" 200 5490
192.168.24.133 - - [01/Jun/2021:15:04:11 +0800] "POST /opac/par/common/getOpacConfig.do HTTP/1.1" 200 260
192.168.24.133 - - [01/Jun/2021:15:04:11 +0800] "POST /opac/reader/bookreview/listUnionReader.do HTTP/1.1" 200 104
192.168.24.133 - - [01/Jun/2021:15:04:11 +0800] "POST /opac/par/common/writeSearchDetailLog.do HTTP/1.1" 302 -
192.168.24.133 - - [01/Jun/2021:15:04:11 +0800] "GET /opac/page/error/error500.jsp?message= HTTP/1.1" 200 1105
192.168.24.133 - - [01/Jun/2021:15:04:11 +0800] "POST /opac/par/common/getDoubanBook.do HTTP/1.1" 302 -
192.168.24.133 - - [01/Jun/2021:15:04:11 +0800] "GET /opac/page/error/error500.jsp?message= HTTP/1.1" 200 1105
192.168.24.133 - - [01/Jun/2021:15:04:33 +0800] "GET /opac HTTP/1.1" 302 -
192.168.24.133 - - [01/Jun/2021:15:04:33 +0800] "GET /opac/ HTTP/1.1" 200 1983
192.168.10.81 - - [01/Jun/2021:15:09:14 +0800] "GET /solr/core1/suggest?qt=%2Fsuggest&q=l&wt=javabin&version=2 HTTP/1.1" 200 44
192.168.24.133 - - [01/Jun/2021:15:09:14 +0800] "GET /opac/par/common/QuerySuggest.do?query=l HTTP/1.1" 302 -
192.168.24.133 - - [01/Jun/2021:15:09:14 +0800] "GET /opac/page/error/error500.jsp?message= HTTP/1.1" 200 1105
192.168.10.81 - - [01/Jun/2021:15:09:14 +0800] "GET /solr/core1/suggest?qt=%2Fsuggest&q=la&wt=javabin&version=2 HTTP/1.1" 200 84
192.168.24.133 - - [01/Jun/2021:15:09:14 +0800] "GET /opac/par/common/QuerySuggest.do?query=la HTTP/1.1" 302 -
192.168.24.133 - - [01/Jun/2021:15:09:14 +0800] "GET /opac/page/error/error500.jsp?message= HTTP/1.1" 200 1105
192.168.10.81 - - [01/Jun/2021:15:09:14 +0800] "GET /solr/core1/suggest?qt=%2Fsuggest&q=lan&wt=javabin&version=2 HTTP/1.1" 200 84
192.168.24.133 - - [01/Jun/2021:15:09:14 +0800] "GET /opac/par/common/QuerySuggest.do?query=lan HTTP/1.1" 302 -
192.168.24.133 - - [01/Jun/2021:15:09:14 +0800] "GET /opac/page/error/error500.jsp?message= HTTP/1.1" 200 1105
192.168.10.81 - - [01/Jun/2021:15:09:14 +0800] "GET /solr/core1/suggest?qt=%2Fsuggest&q=lang&wt=javabin&version=2 HTTP/1.1" 200 84
192.168.24.133 - - [01/Jun/2021:15:09:14 +0800] "GET /opac/par/common/QuerySuggest.do?query=lang HTTP/1.1" 302 -
192.168.24.133 - - [01/Jun/2021:15:09:14 +0800] "GET /opac/page/error/error500.jsp?message= HTTP/1.1" 200 1105
192.168.10.81 - - [01/Jun/2021:15:09:15 +0800] "GET /solr/core1/suggest?qt=%2Fsuggest&q=langw&wt=javabin&version=2 HTTP/1.1" 200 84
192.168.24.133 - - [01/Jun/2021:15:09:15 +0800] "GET /opac/par/common/QuerySuggest.do?query=langw HTTP/1.1" 302 -
192.168.24.133 - - [01/Jun/2021:15:09:15 +0800] "GET /opac/page/error/error500.jsp?message= HTTP/1.1" 200 1105
192.168.10.81 - - [01/Jun/2021:15:09:15 +0800] "GET /solr/core1/suggest?qt=%2Fsuggest&q=langwa&wt=javabin&version=2 HTTP/1.1" 200 84
192.168.24.133 - - [01/Jun/2021:15:09:15 +0800] "GET /opac/par/common/QuerySuggest.do?query=langwa HTTP/1.1" 302 -
192.168.24.133 - - [01/Jun/2021:15:09:15 +0800] "GET /opac/page/error/error500.jsp?message= HTTP/1.1" 200 1105
192.168.10.81 - - [01/Jun/2021:15:09:15 +0800] "GET /solr/core1/suggest?qt=%2Fsuggest&q=langwan&wt=javabin&version=2 HTTP/1.1" 200 84
192.168.24.133 - - [01/Jun/2021:15:09:15 +0800] "GET /opac/par/common/QuerySuggest.do?query=langwan HTTP/1.1" 302 -
192.168.24.133 - - [01/Jun/2021:15:09:15 +0800] "GET /opac/page/error/error500.jsp?message= HTTP/1.1" 200 1105
192.168.10.81 - - [01/Jun/2021:15:09:15 +0800] "GET /solr/core1/suggest?qt=%2Fsuggest&q=langwang&wt=javabin&version=2 HTTP/1.1" 200 84
192.168.24.133 - - [01/Jun/2021:15:09:15 +0800] "GET /opac/par/common/QuerySuggest.do?query=langwang HTTP/1.1" 302 -
192.168.24.133 - - [01/Jun/2021:15:09:15 +0800] "GET /opac/page/error/error500.jsp?message= HTTP/1.1" 200 1105
192.168.10.81 - - [01/Jun/2021:15:09:16 +0800] "GET /solr/core1/suggest?qt=%2Fsuggest&q=langwangm&wt=javabin&version=2 HTTP/1.1" 200 84
192.168.24.133 - - [01/Jun/2021:15:09:16 +0800] "GET /opac/par/common/QuerySuggest.do?query=langwangm HTTP/1.1" 302 -
192.168.24.133 - - [01/Jun/2021:15:09:16 +0800] "GET /opac/page/error/error500.jsp?message= HTTP/1.1" 200 1105
192.168.10.81 - - [01/Jun/2021:15:09:16 +0800] "GET /solr/core1/suggest?qt=%2Fsuggest&q=langwangme&wt=javabin&version=2 HTTP/1.1" 200 84
192.168.24.133 - - [01/Jun/2021:15:09:16 +0800] "GET /opac/par/common/QuerySuggest.do?query=langwangme HTTP/1.1" 302 -
192.168.24.133 - - [01/Jun/2021:15:09:16 +0800] "GET /opac/page/error/error500.jsp?message= HTTP/1.1" 200 1105
192.168.10.81 - - [01/Jun/2021:15:09:16 +0800] "GET /solr/core1/suggest?qt=%2Fsuggest&q=langwangmen&wt=javabin&version=2 HTTP/1.1" 200 84
192.168.24.133 - - [01/Jun/2021:15:09:16 +0800] "GET /opac/par/common/QuerySuggest.do?query=langwangmen HTTP/1.1" 302 -
192.168.24.133 - - [01/Jun/2021:15:09:16 +0800] "GET /opac/page/error/error500.jsp?message= HTTP/1.1" 200 1105
192.168.10.81 - - [01/Jun/2021:15:09:16 +0800] "GET /solr/core1/suggest?qt=%2Fsuggest&q=langwangmeng&wt=javabin&version=2 HTTP/1.1" 200 84
192.168.24.133 - - [01/Jun/2021:15:09:16 +0800] "GET /opac/par/common/QuerySuggest.do?query=langwangmeng HTTP/1.1" 302 -
192.168.24.133 - - [01/Jun/2021:15:09:16 +0800] "GET /opac/page/error/error500.jsp?message= HTTP/1.1" 200 1105
192.168.10.81 - - [01/Jun/2021:15:09:17 +0800] "GET /solr/core1/suggest?qt=%2Fsuggest&q=%E7%8B%BC%E7%8E%8B%E6%A2%A6&wt=javabin&version=2 HTTP/1.1" 200 354
192.168.24.133 - - [01/Jun/2021:15:09:17 +0800] "GET /opac/par/common/QuerySuggest.do?query=%E7%8B%BC%E7%8E%8B%E6%A2%A6 HTTP/1.1" 302 -
192.168.24.133 - - [01/Jun/2021:15:09:17 +0800] "GET /opac/page/error/error500.jsp?message= HTTP/1.1" 200 1105
192.168.10.81 - - [01/Jun/2021:15:09:19 +0800] "GET /solr/core1/select?q=keyword%3A%22%E7%8B%BC%E7%8E%8B%E6%A2%A6%22&fl=id%2Clibcode%2Csysid%2Ctitle%2Cauthor%2Cpublish%2Cpublishaddress%2Cpublishdate%2Cprice%2Ccallno%2C+classno%2Cisbn%2Csubject%2Clanguage%2Cpage%2Ccontent%2Cseriesname%2Corderno%2Cunifiedno%2Cbibsources%2Cscore&sort=score+desc&start=0&rows=10&wt=javabin&facet=true&facet.field=libcode&facet.field=sysid&facet.field=author&facet.field=publish&facet.field=year&facet.field=classnosub&facet.field=subject&hl=true&hl.fl=title&hl.simple.pre=%3Cspan+style%3D%27color%3A%23c00%27%3E&hl.simple.post=%3C%2Fspan%3E&version=2 HTTP/1.1" 200 9860
192.168.24.133 - - [01/Jun/2021:15:09:19 +0800] "POST /opac/booklist.jsp HTTP/1.1" 200 4300
192.168.24.133 - - [01/Jun/2021:15:09:19 +0800] "POST /opac/par/common/getHotSearckKey.do HTTP/1.1" 200 148
192.168.24.133 - - [01/Jun/2021:15:09:19 +0800] "POST /opac/par/common/getDoubanBook.do HTTP/1.1" 302 -
192.168.24.133 - - [01/Jun/2021:15:09:19 +0800] "GET /opac/page/error/error500.jsp?message= HTTP/1.1" 200 1105
192.168.24.133 - - [01/Jun/2021:15:09:19 +0800] "POST /opac/par/common/writeSearchLog.do HTTP/1.1" 302 -
192.168.24.133 - - [01/Jun/2021:15:09:19 +0800] "GET /opac/page/error/error500.jsp?message= HTTP/1.1" 200 1105
192.168.10.81 - - [01/Jun/2021:15:09:21 +0800] "GET /solr/core1/select?q=id%3A6620&start=0&rows=1&wt=javabin&version=2 HTTP/1.1" 200 388
192.168.24.133 - - [01/Jun/2021:15:09:21 +0800] "GET /opac/bookdetail.jsp?id=6620 HTTP/1.1" 200 5439
192.168.24.133 - - [01/Jun/2021:15:09:21 +0800] "POST /opac/par/common/getOpacConfig.do HTTP/1.1" 200 260
192.168.24.133 - - [01/Jun/2021:15:09:21 +0800] "POST /opac/reader/bookreview/listUnionReader.do HTTP/1.1" 200 104
192.168.24.133 - - [01/Jun/2021:15:09:21 +0800] "POST /opac/par/common/getDoubanBook.do HTTP/1.1" 302 -
192.168.24.133 - - [01/Jun/2021:15:09:21 +0800] "GET /opac/page/error/error500.jsp?message= HTTP/1.1" 200 1105
192.168.24.133 - - [01/Jun/2021:15:09:22 +0800] "POST /opac/par/common/writeSearchDetailLog.do HTTP/1.1" 302 -
192.168.24.133 - - [01/Jun/2021:15:09:22 +0800] "GET /opac/page/error/error500.jsp?message= HTTP/1.1" 200 1105
192.168.24.133 - - [01/Jun/2021:15:09:40 +0800] "GET /libsystem/page/main.jsp HTTP/1.1" 302 -
192.168.24.133 - - [01/Jun/2021:15:09:40 +0800] "GET /libsystem/page/login.jsp HTTP/1.1" 200 3734
192.168.24.133 - - [01/Jun/2021:15:09:40 +0800] "GET /libsystem/images/login_title_logo.gif?version=0.5215170129945833 HTTP/1.1" 200 1185
192.168.24.133 - - [01/Jun/2021:15:09:40 +0800] "GET /libsystem/images/login-logo_03.gif?version=0.7505243882127351 HTTP/1.1" 200 4266
192.168.24.133 - - [01/Jun/2021:15:09:40 +0800] "GET /libsystem/images/bg_03.gif?version=0.10040010259519494 HTTP/1.1" 200 855919
192.168.24.133 - - [01/Jun/2021:15:09:40 +0800] "GET /libsystem/images/login_bg02.gif?version=0.37905836366347134 HTTP/1.1" 200 402302
192.168.24.133 - - [01/Jun/2021:15:09:40 +0800] "POST /libsystem//lib/common/getLibType.do?request_type=2 HTTP/1.1" 200 120
192.168.24.133 - - [01/Jun/2021:15:09:44 +0800] "POST /libsystem/par/operator/login.do HTTP/1.1" 200 237
192.168.24.133 - - [01/Jun/2021:15:09:44 +0800] "POST /libsystem/par/operator/getMenu.do HTTP/1.1" 200 3602
192.168.24.133 - - [01/Jun/2021:15:09:44 +0800] "POST /libsystem/lib/pageconfig/get.do HTTP/1.1" 200 214
192.168.24.133 - - [01/Jun/2021:15:09:44 +0800] "GET /libsystem/page/main.jsp HTTP/1.1" 200 2571
192.168.24.133 - - [01/Jun/2021:15:09:45 +0800] "GET /libsystem/images/main_04.gif?version=0.9106517799934589 HTTP/1.1" 200 850804
192.168.24.133 - - [01/Jun/2021:15:09:45 +0800] "POST /libsystem/lib/pageconfig/get.do HTTP/1.1" 200 214
192.168.24.133 - - [01/Jun/2021:15:09:45 +0800] "POST /libsystem/par/common/getInitDatas.do HTTP/1.1" 200 615
192.168.24.133 - - [01/Jun/2021:15:09:45 +0800] "POST /libsystem/lib/common/getLibName.do HTTP/1.1" 200 126
192.168.24.133 - - [01/Jun/2021:15:09:45 +0800] "POST /libsystem//lib/common/getLibType.do?request_type=2 HTTP/1.1" 200 120
192.168.24.133 - - [01/Jun/2021:15:09:46 +0800] "GET /libsystem/page/index.jsp?menuIndex=3 HTTP/1.1" 200 3102
192.168.24.133 - - [01/Jun/2021:15:09:46 +0800] "POST /libsystem/par/common/getInitDatas.do HTTP/1.1" 200 615
192.168.24.133 - - [01/Jun/2021:15:09:46 +0800] "POST /libsystem/lib/common/getLibName.do HTTP/1.1" 200 126
192.168.24.133 - - [01/Jun/2021:15:09:46 +0800] "POST /libsystem/par/common/getInitData.do HTTP/1.1" 200 183
192.168.24.133 - - [01/Jun/2021:15:09:46 +0800] "POST /libsystem/lib/pageconfig/get.do HTTP/1.1" 200 112
192.168.24.133 - - [01/Jun/2021:15:10:17 +0800] "GET /opac/ HTTP/1.1" 200 1983
192.168.10.81 - - [01/Jun/2021:15:10:42 +0800] "GET /solr/core1/suggest?qt=%2Fsuggest&q=z&wt=javabin&version=2 HTTP/1.1" 200 44
192.168.24.133 - - [01/Jun/2021:15:10:42 +0800] "GET /opac/par/common/QuerySuggest.do?query=z HTTP/1.1" 302 -
192.168.24.133 - - [01/Jun/2021:15:10:42 +0800] "GET /opac/page/error/error500.jsp?message= HTTP/1.1" 200 1105
192.168.10.81 - - [01/Jun/2021:15:10:42 +0800] "GET /solr/core1/suggest?qt=%2Fsuggest&q=zh&wt=javabin&version=2 HTTP/1.1" 200 80
192.168.24.133 - - [01/Jun/2021:15:10:42 +0800] "GET /opac/par/common/QuerySuggest.do?query=zh HTTP/1.1" 302 -
192.168.24.133 - - [01/Jun/2021:15:10:42 +0800] "GET /opac/page/error/error500.jsp?message= HTTP/1.1" 200 1105
192.168.10.81 - - [01/Jun/2021:15:10:42 +0800] "GET /solr/core1/suggest?qt=%2Fsuggest&q=zhua&wt=javabin&version=2 HTTP/1.1" 200 84
192.168.24.133 - - [01/Jun/2021:15:10:42 +0800] "GET /opac/par/common/QuerySuggest.do?query=zhua HTTP/1.1" 302 -
192.168.24.133 - - [01/Jun/2021:15:10:42 +0800] "GET /opac/page/error/error500.jsp?message= HTTP/1.1" 200 1105
192.168.10.81 - - [01/Jun/2021:15:10:43 +0800] "GET /solr/core1/suggest?qt=%2Fsuggest&q=zhuan&wt=javabin&version=2 HTTP/1.1" 200 80
192.168.24.133 - - [01/Jun/2021:15:10:43 +0800] "GET /opac/par/common/QuerySuggest.do?query=zhuan HTTP/1.1" 302 -
192.168.24.133 - - [01/Jun/2021:15:10:43 +0800] "GET /opac/page/error/error500.jsp?message= HTTP/1.1" 200 1105
192.168.10.81 - - [01/Jun/2021:15:10:43 +0800] "GET /solr/core1/suggest?qt=%2Fsuggest&q=zhuang&wt=javabin&version=2 HTTP/1.1" 200 84
192.168.24.133 - - [01/Jun/2021:15:10:43 +0800] "GET /opac/par/common/QuerySuggest.do?query=zhuang HTTP/1.1" 302 -
192.168.24.133 - - [01/Jun/2021:15:10:43 +0800] "GET /opac/page/error/error500.jsp?message= HTTP/1.1" 200 1105
192.168.10.81 - - [01/Jun/2021:15:10:43 +0800] "GET /solr/core1/suggest?qt=%2Fsuggest&q=zhuangz&wt=javabin&version=2 HTTP/1.1" 200 84
192.168.24.133 - - [01/Jun/2021:15:10:43 +0800] "GET /opac/par/common/QuerySuggest.do?query=zhuangz HTTP/1.1" 302 -
192.168.24.133 - - [01/Jun/2021:15:10:43 +0800] "GET /opac/page/error/error500.jsp?message= HTTP/1.1" 200 1105
192.168.10.81 - - [01/Jun/2021:15:10:44 +0800] "GET /solr/core1/suggest?qt=%2Fsuggest&q=zhuangza&wt=javabin&version=2 HTTP/1.1" 200 84
192.168.24.133 - - [01/Jun/2021:15:10:44 +0800] "GET /opac/par/common/QuerySuggest.do?query=zhuangza HTTP/1.1" 302 -
192.168.24.133 - - [01/Jun/2021:15:10:44 +0800] "GET /opac/page/error/error500.jsp?message= HTTP/1.1" 200 1105
192.168.10.81 - - [01/Jun/2021:15:10:44 +0800] "GET /solr/core1/suggest?qt=%2Fsuggest&q=zhuangzai&wt=javabin&version=2 HTTP/1.1" 200 84
192.168.24.133 - - [01/Jun/2021:15:10:44 +0800] "GET /opac/par/common/QuerySuggest.do?query=zhuangzai HTTP/1.1" 302 -
192.168.24.133 - - [01/Jun/2021:15:10:44 +0800] "GET /opac/page/error/error500.jsp?message= HTTP/1.1" 200 1105
192.168.10.81 - - [01/Jun/2021:15:10:44 +0800] "GET /solr/core1/suggest?qt=%2Fsuggest&q=zhuangzaik&wt=javabin&version=2 HTTP/1.1" 200 80
192.168.24.133 - - [01/Jun/2021:15:10:44 +0800] "GET /opac/par/common/QuerySuggest.do?query=zhuangzaik HTTP/1.1" 302 -
192.168.24.133 - - [01/Jun/2021:15:10:44 +0800] "GET /opac/page/error/error500.jsp?message= HTTP/1.1" 200 1105
192.168.10.81 - - [01/Jun/2021:15:10:44 +0800] "GET /solr/core1/suggest?qt=%2Fsuggest&q=zhuangzaiko&wt=javabin&version=2 HTTP/1.1" 200 84
192.168.24.133 - - [01/Jun/2021:15:10:44 +0800] "GET /opac/par/common/QuerySuggest.do?query=zhuangzaiko HTTP/1.1" 302 -
192.168.24.133 - - [01/Jun/2021:15:10:44 +0800] "GET /opac/page/error/error500.jsp?message= HTTP/1.1" 200 1105
192.168.10.81 - - [01/Jun/2021:15:10:45 +0800] "GET /solr/core1/suggest?qt=%2Fsuggest&q=zhuangzaikou&wt=javabin&version=2 HTTP/1.1" 200 84
192.168.24.133 - - [01/Jun/2021:15:10:45 +0800] "GET /opac/par/common/QuerySuggest.do?query=zhuangzaikou HTTP/1.1" 302 -
192.168.24.133 - - [01/Jun/2021:15:10:45 +0800] "GET /opac/page/error/error500.jsp?message= HTTP/1.1" 200 1105
192.168.10.81 - - [01/Jun/2021:15:10:45 +0800] "GET /solr/core1/suggest?qt=%2Fsuggest&q=zhuangzaikoud&wt=javabin&version=2 HTTP/1.1" 200 84
192.168.24.133 - - [01/Jun/2021:15:10:45 +0800] "GET /opac/par/common/QuerySuggest.do?query=zhuangzaikoud HTTP/1.1" 302 -
192.168.24.133 - - [01/Jun/2021:15:10:45 +0800] "GET /opac/page/error/error500.jsp?message= HTTP/1.1" 200 1105
192.168.10.81 - - [01/Jun/2021:15:10:45 +0800] "GET /solr/core1/suggest?qt=%2Fsuggest&q=zhuangzaikouda&wt=javabin&version=2 HTTP/1.1" 200 84
192.168.24.133 - - [01/Jun/2021:15:10:45 +0800] "GET /opac/par/common/QuerySuggest.do?query=zhuangzaikouda HTTP/1.1" 302 -
192.168.24.133 - - [01/Jun/2021:15:10:45 +0800] "GET /opac/page/error/error500.jsp?message= HTTP/1.1" 200 1105
192.168.10.81 - - [01/Jun/2021:15:10:45 +0800] "GET /solr/core1/suggest?qt=%2Fsuggest&q=zhuangzaikoudai&wt=javabin&version=2 HTTP/1.1" 200 84
192.168.24.133 - - [01/Jun/2021:15:10:45 +0800] "GET /opac/par/common/QuerySuggest.do?query=zhuangzaikoudai HTTP/1.1" 302 -
192.168.24.133 - - [01/Jun/2021:15:10:45 +0800] "GET /opac/page/error/error500.jsp?message= HTTP/1.1" 200 1105
192.168.10.81 - - [01/Jun/2021:15:10:47 +0800] "GET /solr/core1/suggest?qt=%2Fsuggest&q=%E8%A3%85%E5%9C%A8%E5%8F%A3%E8%A2%8B&wt=javabin&version=2 HTTP/1.1" 200 80
192.168.24.133 - - [01/Jun/2021:15:10:47 +0800] "GET /opac/par/common/QuerySuggest.do?query=%E8%A3%85%E5%9C%A8%E5%8F%A3%E8%A2%8B HTTP/1.1" 302 -
192.168.24.133 - - [01/Jun/2021:15:10:47 +0800] "GET /opac/page/error/error500.jsp?message= HTTP/1.1" 200 1105
192.168.10.81 - - [01/Jun/2021:15:10:47 +0800] "GET /solr/core1/suggest?qt=%2Fsuggest&q=%E8%A3%85%E5%9C%A8%E5%8F%A3%E8%A2%8Bl&wt=javabin&version=2 HTTP/1.1" 200 84
192.168.24.133 - - [01/Jun/2021:15:10:47 +0800] "GET /opac/par/common/QuerySuggest.do?query=%E8%A3%85%E5%9C%A8%E5%8F%A3%E8%A2%8Bl HTTP/1.1" 302 -
192.168.24.133 - - [01/Jun/2021:15:10:47 +0800] "GET /opac/page/error/error500.jsp?message= HTTP/1.1" 200 1105
192.168.10.81 - - [01/Jun/2021:15:10:48 +0800] "GET /solr/core1/suggest?qt=%2Fsuggest&q=%E8%A3%85%E5%9C%A8%E5%8F%A3%E8%A2%8Bli&wt=javabin&version=2 HTTP/1.1" 200 80
192.168.24.133 - - [01/Jun/2021:15:10:48 +0800] "GET /opac/par/common/QuerySuggest.do?query=%E8%A3%85%E5%9C%A8%E5%8F%A3%E8%A2%8Bli HTTP/1.1" 302 -
192.168.24.133 - - [01/Jun/2021:15:10:48 +0800] "GET /opac/page/error/error500.jsp?message= HTTP/1.1" 200 1105
192.168.10.81 - - [01/Jun/2021:15:10:48 +0800] "GET /solr/core1/suggest?qt=%2Fsuggest&q=%E8%A3%85%E5%9C%A8%E5%8F%A3%E8%A2%8Blid&wt=javabin&version=2 HTTP/1.1" 200 84
192.168.24.133 - - [01/Jun/2021:15:10:48 +0800] "GET /opac/par/common/QuerySuggest.do?query=%E8%A3%85%E5%9C%A8%E5%8F%A3%E8%A2%8Blid HTTP/1.1" 302 -
192.168.24.133 - - [01/Jun/2021:15:10:48 +0800] "GET /opac/page/error/error500.jsp?message= HTTP/1.1" 200 1105
192.168.10.81 - - [01/Jun/2021:15:10:48 +0800] "GET /solr/core1/suggest?qt=%2Fsuggest&q=%E8%A3%85%E5%9C%A8%E5%8F%A3%E8%A2%8Blide&wt=javabin&version=2 HTTP/1.1" 200 84
192.168.24.133 - - [01/Jun/2021:15:10:48 +0800] "GET /opac/par/common/QuerySuggest.do?query=%E8%A3%85%E5%9C%A8%E5%8F%A3%E8%A2%8Blide HTTP/1.1" 302 -
192.168.24.133 - - [01/Jun/2021:15:10:48 +0800] "GET /opac/page/error/error500.jsp?message= HTTP/1.1" 200 1105
192.168.10.81 - - [01/Jun/2021:15:10:48 +0800] "GET /solr/core1/suggest?qt=%2Fsuggest&q=%E8%A3%85%E5%9C%A8%E5%8F%A3%E8%A2%8Blideb&wt=javabin&version=2 HTTP/1.1" 200 84
192.168.24.133 - - [01/Jun/2021:15:10:48 +0800] "GET /opac/par/common/QuerySuggest.do?query=%E8%A3%85%E5%9C%A8%E5%8F%A3%E8%A2%8Blideb HTTP/1.1" 302 -
192.168.24.133 - - [01/Jun/2021:15:10:48 +0800] "GET /opac/page/error/error500.jsp?message= HTTP/1.1" 200 1105
192.168.10.81 - - [01/Jun/2021:15:10:49 +0800] "GET /solr/core1/suggest?qt=%2Fsuggest&q=%E8%A3%85%E5%9C%A8%E5%8F%A3%E8%A2%8Blideba&wt=javabin&version=2 HTTP/1.1" 200 84
192.168.24.133 - - [01/Jun/2021:15:10:49 +0800] "GET /opac/par/common/QuerySuggest.do?query=%E8%A3%85%E5%9C%A8%E5%8F%A3%E8%A2%8Blideba HTTP/1.1" 302 -
192.168.24.133 - - [01/Jun/2021:15:10:49 +0800] "GET /opac/page/error/error500.jsp?message= HTTP/1.1" 200 1105
192.168.10.81 - - [01/Jun/2021:15:10:49 +0800] "GET /solr/core1/suggest?qt=%2Fsuggest&q=%E8%A3%85%E5%9C%A8%E5%8F%A3%E8%A2%8Blidebaba&wt=javabin&version=2 HTTP/1.1" 200 84
192.168.24.133 - - [01/Jun/2021:15:10:49 +0800] "GET /opac/par/common/QuerySuggest.do?query=%E8%A3%85%E5%9C%A8%E5%8F%A3%E8%A2%8Blidebaba HTTP/1.1" 302 -
192.168.24.133 - - [01/Jun/2021:15:10:49 +0800] "GET /opac/page/error/error500.jsp?message= HTTP/1.1" 200 1105
192.168.10.81 - - [01/Jun/2021:15:10:49 +0800] "GET /solr/core1/suggest?qt=%2Fsuggest&q=%E8%A3%85%E5%9C%A8%E5%8F%A3%E8%A2%8B%E9%87%8C%E7%9A%84%E7%88%B8%E7%88%B8&wt=javabin&version=2 HTTP/1.1" 200 229
192.168.24.133 - - [01/Jun/2021:15:10:49 +0800] "GET /opac/par/common/QuerySuggest.do?query=%E8%A3%85%E5%9C%A8%E5%8F%A3%E8%A2%8B%E9%87%8C%E7%9A%84%E7%88%B8%E7%88%B8 HTTP/1.1" 302 -
192.168.24.133 - - [01/Jun/2021:15:10:49 +0800] "GET /opac/page/error/error500.jsp?message= HTTP/1.1" 200 1105
192.168.10.81 - - [01/Jun/2021:15:10:52 +0800] "GET /solr/core1/select?q=keyword%3A%22%E8%A3%85%E5%9C%A8%E5%8F%A3%E8%A2%8B%E9%87%8C%E7%9A%84%E7%88%B8%E7%88%B8%22&fl=id%2Clibcode%2Csysid%2Ctitle%2Cauthor%2Cpublish%2Cpublishaddress%2Cpublishdate%2Cprice%2Ccallno%2C+classno%2Cisbn%2Csubject%2Clanguage%2Cpage%2Ccontent%2Cseriesname%2Corderno%2Cunifiedno%2Cbibsources%2Cscore&sort=score+desc&start=0&rows=10&wt=javabin&facet=true&facet.field=libcode&facet.field=sysid&facet.field=author&facet.field=publish&facet.field=year&facet.field=classnosub&facet.field=subject&hl=true&hl.fl=title&hl.simple.pre=%3Cspan+style%3D%27color%3A%23c00%27%3E&hl.simple.post=%3C%2Fspan%3E&version=2 HTTP/1.1" 200 9662
192.168.10.81 - - [01/Jun/2021:15:10:52 +0800] "GET /solr/core1/spell?q=%E8%A3%85%E5%9C%A8%E5%8F%A3%E8%A2%8B%E9%87%8C%E7%9A%84%E7%88%B8%E7%88%B8&qt=%2Fspell&wt=javabin&version=2 HTTP/1.1" 200 116
192.168.24.133 - - [01/Jun/2021:15:10:52 +0800] "POST /opac/booklist.jsp HTTP/1.1" 200 3707
192.168.24.133 - - [01/Jun/2021:15:10:52 +0800] "POST /opac/par/common/getHotSearckKey.do HTTP/1.1" 200 148
192.168.24.133 - - [01/Jun/2021:15:10:53 +0800] "POST /opac/par/common/writeSearchLog.do HTTP/1.1" 302 -
192.168.24.133 - - [01/Jun/2021:15:10:53 +0800] "GET /opac/page/error/error500.jsp?message= HTTP/1.1" 200 1105
192.168.24.133 - - [01/Jun/2021:15:13:15 +0800] "GET /libsystem/page/index.jsp?menuIndex=3 HTTP/1.1" 200 3102
192.168.24.133 - - [01/Jun/2021:15:13:15 +0800] "POST /libsystem/par/common/getInitData.do HTTP/1.1" 200 183
192.168.24.133 - - [01/Jun/2021:15:13:15 +0800] "POST /libsystem/par/common/getInitDatas.do HTTP/1.1" 200 615
192.168.24.133 - - [01/Jun/2021:15:13:15 +0800] "POST /libsystem/lib/common/getLibName.do HTTP/1.1" 200 126
192.168.24.133 - - [01/Jun/2021:15:13:15 +0800] "POST /libsystem/lib/pageconfig/get.do HTTP/1.1" 200 112
192.168.24.133 - - [01/Jun/2021:15:13:28 +0800] "GET /opac/ HTTP/1.1" 200 1983
192.168.10.81 - - [01/Jun/2021:15:13:35 +0800] "GET /solr/core1/suggest?qt=%2Fsuggest&q=z&wt=javabin&version=2 HTTP/1.1" 200 44
192.168.24.133 - - [01/Jun/2021:15:13:35 +0800] "GET /opac/par/common/QuerySuggest.do?query=z HTTP/1.1" 302 -
192.168.24.133 - - [01/Jun/2021:15:13:35 +0800] "GET /opac/page/error/error500.jsp?message= HTTP/1.1" 200 1105
192.168.10.81 - - [01/Jun/2021:15:13:35 +0800] "GET /solr/core1/suggest?qt=%2Fsuggest&q=zh&wt=javabin&version=2 HTTP/1.1" 200 84
192.168.24.133 - - [01/Jun/2021:15:13:35 +0800] "GET /opac/par/common/QuerySuggest.do?query=zh HTTP/1.1" 302 -
192.168.24.133 - - [01/Jun/2021:15:13:35 +0800] "GET /opac/page/error/error500.jsp?message= HTTP/1.1" 200 1105
192.168.10.81 - - [01/Jun/2021:15:13:36 +0800] "GET /solr/core1/suggest?qt=%2Fsuggest&q=zhu&wt=javabin&version=2 HTTP/1.1" 200 84
192.168.24.133 - - [01/Jun/2021:15:13:36 +0800] "GET /opac/par/common/QuerySuggest.do?query=zhu HTTP/1.1" 302 -
192.168.24.133 - - [01/Jun/2021:15:13:36 +0800] "GET /opac/page/error/error500.jsp?message= HTTP/1.1" 200 1105
192.168.10.81 - - [01/Jun/2021:15:13:36 +0800] "GET /solr/core1/suggest?qt=%2Fsuggest&q=zhua&wt=javabin&version=2 HTTP/1.1" 200 84
192.168.24.133 - - [01/Jun/2021:15:13:36 +0800] "GET /opac/par/common/QuerySuggest.do?query=zhua HTTP/1.1" 302 -
192.168.24.133 - - [01/Jun/2021:15:13:36 +0800] "GET /opac/page/error/error500.jsp?message= HTTP/1.1" 200 1105
192.168.10.81 - - [01/Jun/2021:15:13:37 +0800] "GET /solr/core1/suggest?qt=%2Fsuggest&q=zhuan&wt=javabin&version=2 HTTP/1.1" 200 84
192.168.24.133 - - [01/Jun/2021:15:13:37 +0800] "GET /opac/par/common/QuerySuggest.do?query=zhuan HTTP/1.1" 302 -
192.168.24.133 - - [01/Jun/2021:15:13:37 +0800] "GET /opac/page/error/error500.jsp?message= HTTP/1.1" 200 1105
192.168.10.81 - - [01/Jun/2021:15:13:37 +0800] "GET /solr/core1/suggest?qt=%2Fsuggest&q=zhuang&wt=javabin&version=2 HTTP/1.1" 200 84
192.168.24.133 - - [01/Jun/2021:15:13:37 +0800] "GET /opac/par/common/QuerySuggest.do?query=zhuang HTTP/1.1" 302 -
192.168.24.133 - - [01/Jun/2021:15:13:37 +0800] "GET /opac/page/error/error500.jsp?message= HTTP/1.1" 200 1105
192.168.10.81 - - [01/Jun/2021:15:13:37 +0800] "GET /solr/core1/suggest?qt=%2Fsuggest&q=zhuangz&wt=javabin&version=2 HTTP/1.1" 200 84
192.168.24.133 - - [01/Jun/2021:15:13:37 +0800] "GET /opac/par/common/QuerySuggest.do?query=zhuangz HTTP/1.1" 302 -
192.168.24.133 - - [01/Jun/2021:15:13:37 +0800] "GET /opac/page/error/error500.jsp?message= HTTP/1.1" 200 1105
192.168.10.81 - - [01/Jun/2021:15:13:37 +0800] "GET /solr/core1/suggest?qt=%2Fsuggest&q=zhuangza&wt=javabin&version=2 HTTP/1.1" 200 84
192.168.24.133 - - [01/Jun/2021:15:13:37 +0800] "GET /opac/par/common/QuerySuggest.do?query=zhuangza HTTP/1.1" 302 -
192.168.24.133 - - [01/Jun/2021:15:13:37 +0800] "GET /opac/page/error/error500.jsp?message= HTTP/1.1" 200 1105
192.168.10.81 - - [01/Jun/2021:15:13:38 +0800] "GET /solr/core1/suggest?qt=%2Fsuggest&q=zhuangzai&wt=javabin&version=2 HTTP/1.1" 200 84
192.168.24.133 - - [01/Jun/2021:15:13:38 +0800] "GET /opac/par/common/QuerySuggest.do?query=zhuangzai HTTP/1.1" 302 -
192.168.24.133 - - [01/Jun/2021:15:13:38 +0800] "GET /opac/page/error/error500.jsp?message= HTTP/1.1" 200 1105
